{"id":23,"date":"2017-10-29T18:28:29","date_gmt":"2017-10-29T18:28:29","guid":{"rendered":"http:\/\/psychotherapie.sandragaertner.com\/?page_id=23"},"modified":"2024-06-11T04:48:32","modified_gmt":"2024-06-11T04:48:32","slug":"test","status":"publish","type":"page","link":"https:\/\/psychotherapie.sandragaertner.com\/","title":{"rendered":"Startseite"},"content":{"rendered":"<p><strong>Die Praxis zieht am 03.07.2024 in die Franz-Joseph-Str. 48 (1. OG) um.<\/strong><\/p>\n<p><strong>Aktuell kann ich leider keine freien Therapiepl\u00e4tze anbieten, sofern sich dies \u00e4ndert, werde ich diesen Hinweis entfernen.\u00a0<\/strong><\/p>\n<p>&#8212;&#8212;&#8212;&#8212;&#8212;&#8212;&#8212;&#8212;&#8212;&#8212;&#8212;&#8212;<\/p>\n<p>Liebe Besucherin, lieber Besucher dieser Website, herzlich Willkommen.<\/p>\n<p>Gerne stehe ich Ihnen als Psychologische Psychotherapeutin f\u00fcr Erwachsene, Kinder und Jugendliche in M\u00fcnchen-Schwabing bei vielf\u00e4ltigen Fragen bez\u00fcglich Ihres psychischen Wohlbefindens zur Verf\u00fcgung.<\/p>\n<p>Ich kl\u00e4re mit Ihnen fachlich bestehende psychische Beschwerden ab (z.B. Depression, \u00c4ngste, Zw\u00e4nge) und gebe Ihnen, falls n\u00f6tig Behandlungsempfehlungen.<\/p>\n<p>Weitergehende Informationen zu meiner Person und meinem Angebot als Psychologische Psychotherapeutin, finden sie auf den folgenden Seiten. Zudem stelle ich Ihnen auch Informationen zum Beispiel \u00fcber eine verhaltenstherapeutische Therapie, die Schritte dorthin und die verschiedenen Abrechnungsarten zur Verf\u00fcgung.<\/p>\n<p>Sollten Sie sich von meinem Angebot angesprochen f\u00fchlen, setzen Sie sich gerne f\u00fcr eine Terminvereinbarung w\u00e4hrend meiner telefonischen Sprechzeit (Montag 14-15.40 Uhr, au\u00dfer in den bayerischen Schulferien) mit mir in Verbindung.<\/p>\n<p>Mit den besten W\u00fcnschen,<br \/>\nSandra G\u00e4rtner<\/p>\n","protected":false},"excerpt":{"rendered":"<p>Die Praxis zieht am 03.07.2024 in die Franz-Joseph-Str. 48 (1. OG) um. Aktuell kann ich leider keine freien Therapiepl\u00e4tze anbieten, sofern sich dies \u00e4ndert, werde ich diesen Hinweis entfernen.\u00a0 &#8212;&#8212;&#8212;&#8212;&#8212;&#8212;&#8212;&#8212;&#8212;&#8212;&#8212;&#8212; Liebe Besucherin, lieber Besucher dieser Website, herzlich Willkommen. Gerne stehe ich Ihnen als Psychologische Psychotherapeutin f\u00fcr Erwachsene, Kinder und Jugendliche in M\u00fcnchen-Schwabing bei vielf\u00e4ltigen Fragen &hellip; <\/p>\n<p class=\"link-more\"><a href=\"https:\/\/psychotherapie.sandragaertner.com\/\" class=\"more-link\"><span class=\"screen-reader-text\">\u201eStartseite\u201c<\/span> weiterlesen<\/a><\/p>\n","protected":false},"author":1,"featured_media":0,"parent":0,"menu_order":0,"comment_status":"closed","ping_status":"closed","template":"","meta":{"footnotes":""},"_links":{"self":[{"href":"https:\/\/psychotherapie.sandragaertner.com\/index.php?rest_route=\/wp\/v2\/pages\/23"}],"collection":[{"href":"https:\/\/psychotherapie.sandragaertner.com\/index.php?rest_route=\/wp\/v2\/pages"}],"about":[{"href":"https:\/\/psychotherapie.sandragaertner.com\/index.php?rest_route=\/wp\/v2\/types\/page"}],"author":[{"embeddable":true,"href":"https:\/\/psychotherapie.sandragaertner.com\/index.php?rest_route=\/wp\/v2\/users\/1"}],"replies":[{"embeddable":true,"href":"https:\/\/psychotherapie.sandragaertner.com\/index.php?rest_route=%2Fwp%2Fv2%2Fcomments&post=23"}],"version-history":[{"count":29,"href":"https:\/\/psychotherapie.sandragaertner.com\/index.php?rest_route=\/wp\/v2\/pages\/23\/revisions"}],"predecessor-version":[{"id":258,"href":"https:\/\/psychotherapie.sandragaertner.com\/index.php?rest_route=\/wp\/v2\/pages\/23\/revisions\/258"}],"wp:attachment":[{"href":"https:\/\/psychotherapie.sandragaertner.com\/index.php?rest_route=%2Fwp%2Fv2%2Fmedia&parent=23"}],"curies":[{"name":"wp","href":"https:\/\/api.w.org\/{rel}","templated":true}]}}